022110101?
20220022111201
In base 2, what is 10110010100 - -100000101001?
110110111101
In base 13, what is 3 + -20b67c51?
-20b67c4b
In base 10, what is 1302 + -247676?
-246374
In base 2, what is -100110010011010110 + -1000011100?
-100110011011110010
In base 15, what is -19e4a6 - -41?
-19e465
In base 3, what is 102022 + -10220212?
-10111120
In base 5, what is 2 + 31333133?
31333140
In base 15, what is 2477e02 - 4?
2477ded
In base 16, what is -69 + -5a742c?
-5a7495
In base 6, what is 13212 + -20221?
-3005
In base 12, what is -1934 + -87330?
-89064
In base 9, what is 417881 - 2420?
415461
In base 7, what is 5244 - 202135?
-163561
In base 6, what is -55445020 - -311?
-55444305
In base 2, what is -10010000001000011011 - -101?
-10010000001000010110
In base 11, what is 28414 - -559?
28972
In base 16, what is 38facadb + 2?
38facadd
In base 2, what is 101001000011010111000 + 1001101?
101001000011100000101
In base 12, what is -151a - 35041?
-3655b
In base 12, what is -7a97983 - 16?
-7a97999
In base 10, what is 284 - 45014?
-44730
In base 10, what is -5 - 33660636?
-33660641
In base 2, what is 1100110010000 - -11111011011?
10000101101011
In base 16, what is -1d + 152755?
152738
In base 11, what is -2 - 10726a0?
-10726a2
In base 3, what is -112121222 + -111?
-112122110
In base 7, what is -6016635 - 666?
-6020634
In base 2, what is -1011001110011111101100110 - 101?
-1011001110011111101101011
In base 3, what is 12111101200012 - 210?
12111101122102
In base 8, what is 526263177 - 5?
526263172
In base 15, what is 3aec915 + 5?
3aec91a
In base 8, what is -3417775 + 473?
-3417302
In base 13, what is -3bab7 - -bc?
-3b9c8
In base 7, what is 1023053 + -6?
1023044
In base 6, what is 22300325 + -31?
22300254
In base 5, what is 21 + -100231213?
-100231142
In base 11, what is -373748 + -3?
-373750
In base 9, what is 3146170 - 20?
3146150
In base 13, what is -1 - 3700b80?
-3700b81
In base 10, what is 59245 - 546?
58699
In base 10, what is 36757 + -10141?
26616
In base 15, what is 9ec6d + -1e?
9ec4e
In base 16, what is 57 + 1851c4?
18521b
In base 3, what is 220 + -1002222002102?
-1002222001112
In base 7, what is -3626103545 - 0?
-3626103545
In base 15, what is -d + 387e23c?
387e22e
In base 15, what is 74 + 19c78?
19cec
In base 14, what is -388b0 + a?
-388a4
In base 7, what is 4241263235 + -2?
4241263233
In base 16, what is -1 - -ab799?
ab798
In base 5, what is 1 + -1144204131340?
-1144204131334
In base 2, what is 11110011100001100110 - -1?
11110011100001100111
In base 16, what is 13 + bfda67?
bfda7a
In base 4, what is -10313030 + -3023?
-10322113
In base 6, what is 142445 - -11130?
154015
In base 3, what is 100100112 - 12100121?
10222221
In base 15, what is -13583c7 + -15?
-13583dc
In base 2, what is -1 + 1100001111011110011101101?
1100001111011110011101100
In base 10, what is -355126 - -2505?
-352621
In base 15, what is 21ae91e + 5?
21ae924
In base 12, what is 3 - -61a603?
61a606
In base 14, what is -b53 + -18b5?
-2628
In base 13, what is ab838 - -31?
ab869
In base 11, what is -154609 + 12?
-1545a7
In base 10, what is 951 + -1241510?
-1240559
In base 7, what is 104 + 464656?
465063
In base 5, what is 10 - 124422024402?
-124422024342
In base 6, what is -3 + 2053110505?
2053110502
In base 14, what is -3 - -27225d8?
27225d5
In base 5, what is 144 - 320413311?
-320413112
In base 12, what is -60 + 5239a?
5233a
In base 3, what is -10 - -10122101120020121?
10122101120020111
In base 9, what is -60 - -200277?
200217
In base 11, what is 497 - -7633?
801a
In base 9, what is -34 - -14272850?
14272815
In base 14, what is -1ac53132 + 3?
-1ac5312d
In base 3, what is 21100 + -102021112?
-102000012
In base 5, what is -232201032 + 13?
-232201014
In base 14, what is 2cb + -10c262?
-10bd75
In base 12, what is -a5 - -122045b?
1220376
In base 10, what is 2068961 + -4?
2068957
In base 7, what is -3 + 33506255?
33506252
In base 6, what is -2 + -23313051?
-23313053
In base 13, what is 3 - 3830410?
-383040a
In base 12, what is -2ba1860b - 3?
-2ba18612
In base 11, what is -2a5 + -4a898?
-50092
In base 5, what is 3 - -11234133142?
11234133200
In base 9, what is -23273 + 628?
-22544
In base 10, what is 13 + -178657?
-178644
In base 7, what is -6006506 + 25?
-6006451
In base 6, what is -114115 + 2104?
-112011
In base 13, what is -281b7916 + 4?
-281b7912
In base 2, what is -10110 - -11110011100110110?
11110011100100000
In base 4, what is -13103 + 2121001330?
2120322221
In base 5, what is -412312111 + -30?
-412312141
In base 15, what is -238cd - -25b?
-23672
In base 14, what is 430 + 2125?
2555
In base 12, what is 3332986 + -13?
3332973
In base 6, what is 500403 + -5322?
451041
In base 14, what is 224dbc - -6?
224dc4
In base 12, what is b33606 - 7?
b335bb
In base 11, what is -314267 + 2?
-314265
In base 12, what is -495 + aa25?
a550
In base 11, what is 10 + 15034049?
15034059
In base 16, what is -5c48845 - 4?
-5c48849
In base 3, what is -1010112002200 - -12020?
-1010111220110
In base 5, what is 1131 - -1311030?
1312211
In base 8, what is -16060 + 24?
-16034
In base 8, what is -26621517 - -3?
-26621514
In base 13, what is -c7b8 - c12?
-106ca
In base 3, what is 111222 - -10020022220?
10020211212
In base 3, what is -12020000100 - 221002?
-12020221102
In base 6, what is -124242504045 - -1?
-124242504044
In base 8, what is -235230340 - 4?
-235230344
In base 5, what is -3 - 13112301012?
-13112301020
In base 3, what is 2212100 - -112112121?
122101221
In base 10, what is 7 - 7554188?
-7554181
In base 13, what is 15c + c4bb?
c64a
In base 14, what is -87 - 50dbb?
-51064
In base 12, what is -288 - 26b26?
-271b2
In base 10, what is -11952 + 6357?
-5595
In base 9, what is -285384 - 2055?
-287450
In base 12, what is -9 - -266360?
266353
In base 4, what is 1223 - 302130?
-300301
In base 11, what is 580 + -8113?
-7643
In base 5, what is 24412440420 - 1?
24412440414
In base 10, what is 619891 + 3?
619894
In base 4, what is -3012022 + -323320?
-10002002
In base 4, what is 11 + -2020313333?
-2020313322
In base 12, what is 57847 + 5?
57850
In base 5, what is -40031034 - -43111?
-34432423
In base 6, what is 1305214351 - -3?
1305214354
In base 6, what is -41 - 3334553224?
-3334553305
In base 6, what is -12030 + 2123550?
2111520
In base 9, what is 735 + 1078300?
1080135
In base 14, what is -17c31386 + 6?
-17c31380
In base 10, what is -989 + 11526?
10537
In base 9, what is 2 - 101750822?
-101750820
In base 2, what is -10 - -1001110001100000010011?
1001110001100000010001
In base 2, what is 111000011001100 + -10000011?
111000001001001
In base 5, what is 143310 + -14113?
124142
In base 14, what is 8 + -2c0d70?
-2c0d66
In base 15, what is -1d - -19528?
1950a
In base 14, what is c - -31a1d8?
31a206
In base 9, what is 13662038 - 16?
13662022
In base 3, what is -10 - -10022021022122?
10022021022112
In base 6, what is 30313110115 + 4?
30313110123
In base 5, what is -10343232013 - 14?
-10343232032
In base 14, what is -d0d95 + 9?
-d0d8a
In base 6, what is -2034530 + 313?
-2034213
In base 9, what is 1 + 105028326?
105028327
In base 3, what is 211011112000020001 + 1?
211011112000020002
In base 6, what is 330023513 - -3?
330023520
In base 7, what is -13422314 - 2356?
-13425003
In base 6, what is -133001545 - 10?
-133001555
In base 7, what is -311441 - 4362?
-316133
In base 16, what is 1e7c60 - 1?
1e7c5f
In base 9, what is -2027001 - 3?
-2027004
In base 8, what is 17 + 45042145?
45042164
In base 10, what is -21593 - -1753?
-19840
In base 9, what is 257 + 3426331?
3426588
In base 12, what is 11415a4a - -5?
11415a53
In base 16, what is -17 + 33bfc?
33be5
In base 4, what is -3 + 12321233002133?
12321233002130
In base 13, what is -22b8 + -997?
-2c82
In base 13, what is -2976 + a10?
-1c66
In base 14, what is 4c0037c - 5?
4c00377
In base 7, what is 5 + -14510550?
-14510542
In base 10, what is -7 - 125854?
-125861
In base 7, what is -10 - 331103?
-331113
In base 16, what is -1580e6 - 4?
-1580ea
In base 14, what is acc1b - -20?
acc3b
In base 14, what is -7 - -13846a?
138463
In base 3, what is -2012020212002102 + -22?
-2012020212002201
In base 7, what is 46526444 + 2?
46526446
In base 13, what is 45c + 86c?
ccb
In base 10, what is -344984 + 4?
-344980
In base 15, what is -676 - 25320?
-25996
In base 3, what is 1021002200002 - 20?
1021002122212